ne o(16).
-53
Let p(r) = -r**2 + 3*r + 9. What is p(-4)?
-19
Let l(a) = -a**2 + 18*a - 26. What is l(12)?
46
Let h(m) = m**3 + 20*m**2 - 16*m + 110. Give h(-21).
5
Let a(n) = -n + 8. Calculate a(5).
3
Let n(x) = -21*x**3 + 6*x + 5. Determine n(-1).
20
Let v(u) = -3*u - 18. Give v(13).
-57
Let b(a) = -3*a - 4. Calculate b(-2).
2
Let w(k) = k**2 + 7*k - 77. What is w(-14)?
21
Let d(t) = 6*t - 14. Give d(7).
28
Let r(s) = s**2 + 11*s + 17. Give r(-10).
7
Let w(p) = -8*p**2 - 45*p - 19. Give w(-5).
6
Let i(l) = 2*l - 32. What is i(13)?
-6
Let v(j) = 15*j + 48. Determine v(-3).
3
Let i(p) = 34*p + 97. What is i(-3)?
-5
Let r(n) = n**2 + 2*n + 14. Calculate r(0).
14
Let y(p) = -p**2 + 14*p - 10. Determine y(12).
14
Let r(y) = -y**3 + 8*y**2 - 9*y + 2. Determine r(7).
-12
Let r(i) = i**3 + 36*i**2 + 70*i + 61. Give r(-34).
-7
Let r(f) = -f**2 - 73*f - 626. Give r(-10).
4
Let w(n) = -8*n - 55. Determine w(-9).
17
Let p(x) = x + 7. Calculate p(0).
7
Let f(z) = -35*z**3 + z**2. Calculate f(-1).
36
Let g(w) = -2*w**2 - 5*w + 48. Determine g(5).
-27
Let b(n) = n**3 + 2*n**2 - 3*n. Determine b(2).
10
Let l(u) = 3*u**2 + 3*u + 3. Calculate l(3).
39
Let q(p) = p**3 - p**2 + 23. What is q(0)?
23
Let o(t) = -7*t - 36. Give o(-6).
6
Let w(v) = 5*v + 94. Calculate w(-19).
-1
Let s(d) = -d**2 - 8*d - 13. What is s(-3)?
2
Let a(s) = -2*s + 2. Give a(3).
-4
Let o(d) = -4*d**3 + 3*d**2 + 2*d - 1. Determine o(-1).
4
Let r(k) = k**3 + 8*k**2 - 20*k - 89. Determine r(-9).
10
Let z(t) = -5*t**2 - 2*t. Give z(-1).
-3
Let p(z) = z**3 - 18*z**2 - 4. What is p(18)?
-4
Let g(n) = -33*n**3 - n**2 - 2*n - 2. Give g(-1).
32
Let l(n) = 2*n**3 - 2*n**2 + 6*n - 12. Determine l(2).
8
Let y(f) = -8*f - 24. Give y(-6).
24
Let n(p) = 2*p**3 - 10*p**2 + 19*p - 94. Determine n(5).
1
Let o(i) = i**2 - 15*i - 161. Calculate o(-7).
-7
Let w(z) = 7*z + 2. What is w(2)?
16
Let m(z) = -79*z - 233. Determine m(-3).
4
Let k(l) = -l**3 + 14*l**2 + 2*l + 15. Give k(14).
43
Let o(c) = 21*c - 273. Calculate o(13).
0
Let u(l) = -l - 19. Calculate u(-14).
-5
Let x(s) = -s**2 - 8*s - 9. What is x(-7)?
-2
Let r(z) = -z**3 + z**2 + 3*z + 1. Give r(0).
1
Let b(m) = -9*m**3 - 3*m**2 - 3*m - 1. What is b(-1)?
8
Let z(u) = 28*u - 9. Determine z(-4).
-121
Let v(y) = 3*y**2 - y - 5. Calculate v(4).
39
Let v(y) = 3*y**2 - 34*y. Calculate v(14).
112
Let o(b) = b**3 - 3*b**2 - 11. Calculate o(4).
5
Let b(r) = -r - 8. Give b(-5).
-3
Let t(r) = -5*r + 3. Calculate t(1).
-2
Let m(i) = -3*i**2 + 3*i - 5. What is m(2)?
-11
Let d(v) = v**3 + 4*v**2 + 2*v + 2. Give d(-2).
6
Let o(q) = 6*q + 60. Determine o(-11).
-6
Let t(k) = k**3 + 5*k**2 - 3. Calculate t(-5).
-3
Let x(y) = 10*y**2 + 122*y + 5. Calculate x(-12).
-19
Let p(i) = -17*i**3 + 4*i - 3. What is p(1)?
-16
Let v(h) = h**2 + 28*h + 137. What is v(-6)?
5
Let z(a) = a**2 + 4*a - 7. Give z(4).
25
Let p(t) = -6*t**2 - 8*t + 2. Calculate p(-2).
-6
Let d(k) = -16*k - 173. Give d(-10).
-13
Let z(s) = 2*s**2 - 4*s - 38. Calculate z(0).
-38
Let c(l) = -2*l. Give c(1).
-2
Let f(o) = o**2 - 3*o - 113. Give f(-9).
-5
Let q(g) = -g**3 - 6*g**2 + 2*g + 5. Calculate q(-7).
40
Let u(s) = -s + 15. What is u(-8)?
23
Let h(d) = 2*d**2 + 40*d - 43. Give h(-19).
-81
Let v(a) = -a**3 - 6*a**2 - 7*a - 4. What is v(-5)?
6
Let g(p) = -20*p - 115. What is g(-6)?
5
Let u(b) = 5*b**3 + 2*b**2 - 2*b + 1. Calculate u(-2).
-27
Let w(h) = 5*h**2 - 30*h + 9. Give w(6).
9
Let r(z) = -12*z**3 - 2*z**2 - 2*z - 1. Give r(-1).
11
Let x(t) = 15*t - 400. Calculate x(27).
5
Let z(t) = -2*t + 3. What is z(2)?
-1
Let p(w) = -2*w**2 + 6*w + 1. Calculate p(4).
-7
Let a(k) = -5*k - 27. Give a(-5).
-2
Let f(o) = -o**3 - 6*o**2 + 5*o - 15. What is f(-7)?
-1
Let a(z) = 4*z**2 + 4*z - 6. Give a(0).
-6
Let l(i) = -24*i - 2. Give l(2).
-50
Let s(r) = -56*r**3 + r**2 - 4*r + 3. Determine s(1).
-56
Let m(j) = -j**3 - 13*j**2 - 12*j - 4. Calculate m(-12).
-4
Let g(z) = -56*z - 563. Determine g(-10).
-3
Let k(q) = q**2 - 12*q + 28. Give k(9).
1
Let g(r) = -r**2 - 12*r + 13. Give g(6).
-95
Let d(v) = -v**3 + 4*v**2 + 5*v - 2. What is d(5)?
-2
Let f(o) = -o**3 + 2*o**2 + 7*o - 7. Calculate f(4).
-11
Let l(j) = 2*j**2 + 24. Calculate l(0).
24
Let z(l) = 2*l**2 + 4*l + 8. What is z(-5)?
38
Let s(c) = 31*c + 223. Determine s(-7).
6
Let w(q) = 20*q - 7. Calculate w(0).
-7
Let p(z) = -3*z - 12. What is p(-4)?
0
Let i(a) = -13*a + 199. Determine i(13).
30
Let q(v) = 2*v**2 + 69. Determine q(0).
69
Let d(h) = 5*h**2 - 15*h - 3. Give d(3).
-3
Let b(n) = -10*n + 15. What is b(-2)?
35
Let o(z) = -26*z + 44. Calculate o(1).
18
Let r(i) = -2*i + 15. Determine r(8).
-1
Let h(s) = -s - 11. Give h(9).
-20
Let k(y) = -y**3 + 2*y**2 + 3*y. Calculate k(-2).
10
Let p(y) = -3*y + 19. Determine p(5).
4
Let z(g) = g**3 - 7*g**2 - 5*g - 27. Give z(9).
90
Let o(c) = c**3 - 7*c + 4. Determine o(-3).
-2
Let d(k) = k**3 - 9*k**2 - 9*k + 4. Calculate d(10).
14
Let p(z) = -5*z**2 - 3*z + 2. What is p(1)?
-6
Let i(r) = -r**2 - 6*r + 14. Determine i(-12).
-58
Let q(g) = g**3 - 3*g**2 - 8*g - 9. What is q(6)?
51
Let l(b) = -b**3 + 17*b**2 - 21*b + 74. Calculate l(16).
-6
Let m(a) = -9*a + 10. Determine m(7).
-53
Let w(f) = -9*f - 116. Determine w(-11).
-17
Let k(g) = 6*g + 110. What is k(-20)?
-10
Let l(i) = -2*i**2 + 3*i - 6. Calculate l(2).
-8
Let p(v) = v**2 + 59*v + 444. Calculate p(-9).
-6
Let w(o) = -57*o - 296. Determine w(-5).
-11
Let h(d) = -2*d**2 - 3*d - 7. Determine h(5).
-72
Let t(o) = o**3 - 5*o**2 - 4*o - 14. What is t(6)?
-2
Let x(s) = s**3 + 7*s**2 - 19*s - 19. Calculate x(-9).
-10
Let j(k) = k**3 - 9*k**2 + 2*k + 11. Calculate j(9).
29
Let z(b) = b - 13. Determine z(-13).
-26
Let r(v) = v**3 + 9*v**2 - 10*v + 11. Calculate r(-10).
11
Let i(d) = -d**2 - 3*d - 2. Determine i(-5).
-12
Let l(u) = -16*u + 16. Determine l(1).
0
Let w(p) = 6*p**2 + 6*p + 14. Calculate w(-3).
50
Let b(x) = x**2 + 17*x + 35. Give b(-13).
-17
Let p(l) = 2*l**2 - 36*l - 26. Calculate p(18).
-26
Let z(w) = w**3 - 23*w**2 - 2*w + 42. Give z(23).
-4
Let m(q) = 2*q**2 - 34*q + 2. Determine m(17).
2
Let n(y) = -2*y**3 + y**2 + 5*y + 2. What is n(-3)?
50
Let n(d) = d**3 + 7*d**2 + 7*d + 5. What is n(-6)?
-1
Let j(s) = -3*s**2 - 4*s - 3. Give j(-2).
-7
Let h(d) = -32*d - 137. What is h(-4)?
-9
Let k(n) = -n**2 + 4*n + 6. Give k(3).
9
Let p(m) = m**2 - 50*m - 670. Calculate p(-11).
1
Let x(z) = z**2 - 15*z + 31. What is x(9)?
-23
Let c(f) = -2*f - 10. Give c(-9).
8
Let c(v) = -15*v + 126. Give c(9).
-9
Let p(l) = -l**3 - 13*l**2 + 2*l + 22. Determine p(-13).
-4
Let w(h) = -10*h + 91. Calculate w(5).
41
Let w(h) = -h**2 - 20*h - 86. What is w(-11)?
13
Let h(s) = 2*s**2 + 10*s - 3. What is h(-8)?
45
Let y(q) = q**3 - 19*q**2 + 29*q + 107. Determine y(17).
22
Let g(w) = -w**3 - 6*w**2 - 7*w + 1. Give g(-5).
11
Let g(s) = -s**2 - 7*s + 2. Determine g(-6).
8
Let a(y) = -11*y**2 - 3*y - 3. What is a(3)?
-111
Let d(f) = -f**3 - 5*f**2 - 5*f - 2. What is d(-2)?
-4
Let t(a) = -a**2 + 22*a - 65. Calculate t(18).
7
Let c(o) = o**3 - 7*o**2 + 2*o + 3. Calculate c(7).
17
Let m(w) = w - 5. Determine m(3).
-2
Let c(i) = -2*i + 19. Determine c(9).
1
Let u(x) = x**3 + 11*x**2 - 16*x - 15. What is u(-12)?
33
Let r(d) = -d**3 - 24*d**2 + 59*d + 176. Give r(-26).
-6
Let b(l) = -3*l + 6. Calculate b(1).
3
Let a(x) = 10*x + 47. What is a(-6)?
-13
Let v(l) = l**2 + 9*l - 7. Calculate v(-11).
15
Let l(y) = -24*y - 64. Give l(-3).
8
Let j(o) = -o**3 - 9*o**2 - 10*o - 14. Calculate j(-8).
2
Let s(q) = 24*q + 148. Determine s(-6).
4
Let i(n) = -n**3 + 7*n**2 + 31*n - 1. What is i(10)?
9
Let n(v) = v**3 + 6*v**2 + 4*v - 2. What is n(-5)?
3
Let x(z) = -6*z + 9. Calculate x(6).
-27
Let n(g) = -3*g**2 + 22*g - 3. Give n(11).
-124
Let s(g) = -42*g + 203. What is s(5)?
-7
Let b(j) = 3*j**2 + 20*j - 30. Give b(-8).
2
Let p(m) = m**3 - 4*m**2 - 3*m - 1. What is p(5)?
9
Let l(x) = -x**3 - 5*x**2 + 3*x + 12. Calculate l(-5).
-3
Let t(i) = i - 10. Give t(18).
8
Let p(b) = 34*b - 2. Determine p(-2).
-70
Let c(h) = -h**2 - 29*h - 23. Give c(-28).
5
Let w(d) = d**2 + 8*d + 3. Calculate w(-3).
-12
Let i(o) = -o**2 + 13*o - 6. What is i(12)?
6
Let z(t) = t**2 - 10*t + 15. Calculate z(9).
6
Let j(i) = i - 37. Determine j(30).
-7
Let l(m) = 34*m + 1. What is l(-1)?
-33
Let c(f) = -f**3 + 3*f**2 + 5*f - 6. 